{"id":145,"date":"2018-07-18T04:49:05","date_gmt":"2018-07-18T04:49:05","guid":{"rendered":"http:\/\/wordpress.buehler-cnc.de\/?page_id=145"},"modified":"2018-07-18T04:52:37","modified_gmt":"2018-07-18T04:52:37","slug":"unternehmen","status":"publish","type":"page","link":"https:\/\/buehler-cnc.de\/index.php\/unternehmen\/","title":{"rendered":"Unternehmen"},"content":{"rendered":"<div id=\"pl-145\"  class=\"panel-layout\" ><div id=\"pg-145-0\"  class=\"panel-grid panel-no-style\" ><div id=\"pgc-145-0-0\"  class=\"panel-grid-cell\" ><div id=\"panel-145-0-0-0\" class=\"so-panel widget widget_text panel-first-child panel-last-child\" data-index=\"0\" >\t\t\t<div class=\"textwidget\"><p>B\u00fchler CNC-Technik GmbH wurde am 15.07.2003 gegr\u00fcndet. Unser Kernbereich ist die Fertigung von Fr\u00e4s- und Drehteilen. Wir sind ein Unternehmen, das flexibel und schlagfertig Kundenw\u00fcnsche umsetzt und somit eine hohe Kundenzufriedenheit erreicht.<br \/>\nDurch unseren hohen technischen Standard k\u00f6nnen wir unseren Kunden eine unkomplizierte und schnelle Realisierung zusichern.<\/p>\n<p><strong>Unsere Philosophie<\/strong><br \/>\nUnser ganzes Engagement gilt Ihrem Erfolg. Wir wissen: Nur wenn Sie mit unserer L\u00f6sung erfolgreich sind, k\u00f6nnen wir auf Dauer auch erfolgreich sein. Und deshalb gelten drei<br \/>\nGrunds\u00e4tze in unserem Unternehmen:<\/p>\n<ol>\n<li>\u00dcberdenke bestehende L\u00f6sungen<\/li>\n<li>Denke weiter<\/li>\n<li>Finde neue L\u00f6sungen<\/li>\n<\/ol>\n<p><img decoding=\"async\" src=\"http:\/\/buehler-cnc.de\/Bilder\/team.jpg\" \/><\/p>\n<p>Das Team der Firma B\u00fchler CNC-Technik GmbH setzt sich ausschlie\u00dflich aus gelernten<br \/>\nKr\u00e4ften ( Mechanikermeister, Werkzeugmachermeister und Facharbeitern) zusammen.<br \/>\nSo k\u00f6nnen wir unseren Kunden durch qualifizierte Mitarbeiter den hohen Standard<br \/>\nan Qualit\u00e4t zusichern.<\/p>\n<\/div>\n\t\t<\/div><\/div><\/div><\/div>","protected":false},"excerpt":{"rendered":"<p>B\u00fchler CNC-Technik GmbH wurde am 15.07.2003 gegr\u00fcndet. Unser Kernbereich ist die Fertigung von Fr\u00e4s- und Drehteilen. Wir sind ein Unternehmen, das flexibel und schlagfertig Kundenw\u00fcnsche umsetzt und somit eine hohe Kundenzufriedenheit erreicht. Durch unseren hohen technischen Standard k\u00f6nnen wir unseren Kunden eine unkomplizierte und schnelle Realisierung zusichern. Unsere Philosophie Unser ganzes Engagement gilt Ihrem Erfolg.<\/p><\/div>\n<div class=\"blog-btn\"><a href=\"https:\/\/buehler-cnc.de\/index.php\/unternehmen\/\" class=\"home-blog-btn\">Weiterlesen<\/a><\/p>\n","protected":false},"author":2,"featured_media":0,"parent":0,"menu_order":0,"comment_status":"closed","ping_status":"closed","template":"template\/template-page-full-width.php","meta":[],"_links":{"self":[{"href":"https:\/\/buehler-cnc.de\/index.php\/wp-json\/wp\/v2\/pages\/145"}],"collection":[{"href":"https:\/\/buehler-cnc.de\/index.php\/wp-json\/wp\/v2\/pages"}],"about":[{"href":"https:\/\/buehler-cnc.de\/index.php\/wp-json\/wp\/v2\/types\/page"}],"author":[{"embeddable":true,"href":"https:\/\/buehler-cnc.de\/index.php\/wp-json\/wp\/v2\/users\/2"}],"replies":[{"embeddable":true,"href":"https:\/\/buehler-cnc.de\/index.php\/wp-json\/wp\/v2\/comments?post=145"}],"version-history":[{"count":6,"href":"https:\/\/buehler-cnc.de\/index.php\/wp-json\/wp\/v2\/pages\/145\/revisions"}],"predecessor-version":[{"id":153,"href":"https:\/\/buehler-cnc.de\/index.php\/wp-json\/wp\/v2\/pages\/145\/revisions\/153"}],"wp:attachment":[{"href":"https:\/\/buehler-cnc.de\/index.php\/wp-json\/wp\/v2\/media?parent=145"}],"curies":[{"name":"wp","href":"https:\/\/api.w.org\/{rel}","templated":true}]}}